*4 - 5*t + 0*t**3 + 0 + 2*t**2. Determine c(3).
-5
Let g(n) = -3*n - 5. Suppose 5*b - 5*a + a + 41 = 0, -5*a = -3*b - 35. Calculate g(b).
10
Let c(y) = y**3 + y**2 + y + 14. Suppose -2*b - 4*m = -20, -2*m + 9 = -5*b - 1. What is c(b)?
14
Let u(a) = 2*a**2 - 5*a + 2. Let t be 8/20*5*3. Let n = -3 + t. Calculate u(n).
5
Let x(d) = 8*d**2 + 4*d - 1. Let c(y) = y**2 + y. Let b(l) = 5*c(l) - x(l). Suppose -7*q + 15 = 22. Calculate b(q).
-3
Let d(o) = -2*o**3 - o**2 + 0 + o - 3 + 1. Give d(-2).
8
Let a(z) be the third derivative of z**4/8 + z**3/6 + 3*z**2. What is a(1)?
4
Let d(h) = -h**3 - h**2 + h - 23. Let o be d(0). Let p = o - -26. Let a(g) = -2*g + 4. Give a(p).
-2
Let i(d) = 2*d - d + 6 - 3*d + 5*d. What is i(-6)?
-12
Let w(g) = 3460*g - 1 + 19*g**2 - 3460*g. Give w(-1).
18
Let q = -59 + 54. Let d(l) = -l + 1. What is d(q)?
6
Let a(v) = 3*v - 3 + 2*v**2 - 7*v**2 - v**2. Let p be 6/(-21) + (-88)/(-14). Let z(g) = 2*g**2 - g + 1. Let c(w) = p*a(w) + 17*z(w). Give c(1).
-2
Let r(k) be the first derivative of -2*k**2 - k - 10. Calculate r(3).
-13
Let n(i) be the third derivative of i**6/60 + i**5/60 + i**4/12 + i**3/6 + 8*i**2. Determine n(-1).
-2
Let f(u) be the first derivative of u**3/3 - 3*u**2 + 3*u + 29. Give f(6).
3
Let j be (2/(-8))/(4/(-48)). Let r(n) = 5 - j + n + 2 + 1. What is r(0)?
5
Let w(v) = 24*v - 49*v + 26*v + 6. Calculate w(-5).
1
Let s be ((-6)/(-5))/((-4)/20). Let a(i) = -13*i - 11. Let z(p) = 7*p + 6. Let o(g) = s*a(g) - 11*z(g). What is o(6)?
6
Suppose 0 = -2*x - 3*s + 4, -x + 5*x - 8 = -5*s. Let r(t) = -1 + 3 + t**x - t - 1. Let y(l) = -l**3 - 9*l**2 + 1. Let b(k) = -3*r(k) - y(k). Determine b(-5).
6
Let a(s) = s**3 + 15*s**2 + 24*s - 21. Let m be a(-13). Let f(o) be the first derivative of -o**3/3 + o**2 + 2*o - 1. Calculate f(m).
-13
Let b(s) be the second derivative of -s**4/12 - s**3/6 + 9*s**2/2 - 32*s. Suppose 10 = -2*z, 2*f + 3*z + 10 = z. Calculate b(f).
9
Let g = -123 - -1477/12. Let y(k) be the third derivative of g*k**5 + 1/120*k**6 + 0*k - k**3 + 0 + 3*k**2 - 1/8*k**4. Calculate y(-5).
9
Let r(q) = -32*q - 18 + 23*q + 8*q. Calculate r(-14).
-4
Let y(p) = -2*p**2 + 1. Let b be 4/((2 - -4) + -4). Determine y(b).
-7
Let s(t) = 2*t - 4 + 6 + 0*t + 5. Suppose 0 = 5*a + 3*q + 28, -2*q = 2*a + 10 + 2. Calculate s(a).
-3
Let f(g) be the second derivative of 1/12*g**4 + 0 + g**2 - 1/2*g**3 - 2*g. Determine f(2).
0
Let k = -11 + 12. Let x(h) be the third derivative of 0*h + 0*h**4 - 1/60*h**5 + 0 + 1/6*h**3 - h**2. Calculate x(k).
0
Let z(i) = -i**3 + 4*i**2 - 5*i + 2. Let t = 5 - 2. Let j be z(t). Let l(u) = 2*u + 5. Calculate l(j).
-3
Let p(y) = -7*y - 4. Let w(t) = 20*t + 12. Let u(c) = -8*p(c) - 3*w(c). Give u(-5).
16
Let v(l) = -2*l. Let i(a) = -a. Let b(y) = 6*i(y) - 2*v(y). Suppose -3*s + 0*s = -15. Suppose -16 + 1 = -s*w. Calculate b(w).
-6
Let g(i) be the first derivative of -1 - 3*i**2 + 4 - i - 4. Calculate g(-1).
5
Let s(p) = -p**3 + 4*p**2 + 6*p - 6. Let z be s(5). Let v be 2/(2/z) - 2. Let c(q) be the third derivative of q**5/60 + q**4/24 + q**3/2 - q**2. What is c(v)?
9
Let p(x) = 8*x + x**2 - x - 4 + 4 - 1. What is p(-6)?
-7
Suppose 0 = -2*t - 3*y + 13, -4*t - 17 = -7*t - 2*y. Let f be (t/10)/((-2)/32). Let n = f - -6. Let w(c) = -5*c - 3. Give w(n).
7
Suppose 3*m - 4*m - 5*u - 20 = 0, 4 = -u. Let r be -5 + (5 + -3 - m). Let v(p) = p**3 + 2*p**2 - 2*p - 2. What is v(r)?
-5
Let o be -1 - (1 - (-2)/1). Let r(i) = i**2 - i - 5. Let d be r(o). Suppose -4*l + l + d = 0. Let c(f) = -f - 2. Give c(l).
-7
Let j(n) = -n**2 + 7*n - 6. Let v = 11 - 5. Suppose 0 = v*a - 5*a - 4. What is j(a)?
6
Let g(j) = 3*j - 3 - 5*j + 0*j. Let k = -5 - -8. Suppose -k*t - 11 = 1. Determine g(t).
5
Let t(h) = h**2 - 9*h + 15. Let w be t(6). Let g(x) = x**2 + 4*x - 1. Determine g(w).
-4
Let q be 2*(-2 - (-1 + -2)). Let y(u) = 4 + 2 - 5 - 3*u**q - 2*u. Determine y(1).
-4
Let k(b) be the first derivative of b**2/2 - b - 9. What is k(-6)?
-7
Let w(b) = 3*b**2 - 2*b - 1. Let f = 5 - 8. Let m = 5 + f. Let d = 1 - m. Calculate w(d).
4
Let c(v) = -v**2 - 5*v - 2. Let y be 74/(-14) + 12/42. What is c(y)?
-2
Let z(i) = -13*i. Let o(g) = -6*g. Let h(q) = 7*o(q) - 3*z(q). Suppose 0 = 3*j - 4*u + 7*u - 45, -j + 2*u + 12 = 0. Suppose 5*v + j = -1. Give h(v).
9
Let c = -8 + 12. Suppose -5*m + 12 = 4*h, -4*h - 2 = 3*m - 6. Let o(s) = -s**2 + c*s**2 - m*s + 2 - s**2. What is o(3)?
8
Let l(w) = -3*w**2 + 0*w + w + 72 - 69. Determine l(-3).
-27
Let g(z) = -4*z + z**3 - 6*z**2 + 8*z**2 + 2 - 2*z**3. Give g(2).
-6
Let u(w) = 2*w**3 + 4*w**2 + 13*w + 4. Let z(k) = -k**3 - 2*k**2 - 7*k - 2. Let y(f) = 3*u(f) + 5*z(f). Determine y(-2).
-6
Let a(s) = -17*s**3 + 50*s**3 - 25*s**3. Give a(-1).
-8
Let g(q) = q**3 - 6*q**2 + 4. Let j = 20 + -15. Suppose j*y + 13 = -2*w, 2*w + 3*y = -y - 8. Give g(w).
4
Let h(k) = 3*k + 2. Let y = 19 + -15. Suppose 3*o + y = -2. Calculate h(o).
-4
Let a be 6/5*(-5)/(-2). Let c(j) be the second derivative of j**3/6 + 2*j. What is c(a)?
3
Let u = 0 - 2. Let l(a) = -a**2 + a. Let f(o) = -o**3 + 6*o**2 + 3*o - 5. Let i(j) = u*l(j) - f(j). Let n = 16 + -11. Calculate i(n).
5
Suppose 0 = 5*d + t - 16, t = 7*d - 2*d - 24. Suppose -4*h - 8 = 2*q, 4*q - d*h = -0*q - 4. Let x(k) = -4*k**2 - 1 - 2*k - 3*k**3 + 2 + k**3. Calculate x(q).
5
Let w(r) = r**3 - 6*r**2 - 7*r - 9. Let y be (-16 + 2)/(-6 - -4). Determine w(y).
-9
Suppose -y - 3*f = 8, -4*y + 2*f - f - 32 = 0. Suppose -2*v = 3*l - 21, 0 = -2*v - 2*l + 6*l - 14. Let s = v + y. Let p(i) = i + 11. What is p(s)?
6
Let q(l) be the first derivative of l**4/4 - 4*l**3/3 - l**2/2 + 5*l - 7. Let x(j) = 4*j**2 + j - 1. Let h be x(1). What is q(h)?
1
Let p(l) be the third derivative of l**5/60 - 3*l**2. Calculate p(2).
4
Suppose 0 = -m + 14 - 6. Let v be (0 - m)/(1 - 3). Suppose -3*s + 0 = 2*q + 1, -2*q = v*s. Let r(f) = 4*f**2 + 2*f - 1. Determine r(s).
5
Let l(h) = h**2 + 2*h - 4. Suppose u - 6 = -2*v, 0 = 3*u - 3*v - 1 + 28. Determine l(u).
4
Suppose 5*o = -0*o, 5*i = o - 5. Let b(d) = d. What is b(i)?
-1
Suppose 3*m + 2*m - 27 = -2*f, -5*m - 5*f = -30. Let b(a) = a**2 - 2*a + 4. Give b(m).
19
Let a(t) be the third derivative of t**2 - 1/120*t**6 + 0*t + 1/24*t**4 - 1/12*t**5 + 2/3*t**3 + 0. Give a(-5).
-1
Let a(k) = k**3 + 5*k**2 - k - 4. Suppose -4*i + i + 30 = 0. Let o = i + -7. Let l(r) = -2*r**2 + 4*r + 1. Let x be l(o). What is a(x)?
1
Let f = 1 - 0. Suppose -2*p - 2*p = -4*r + 16, -4*p = -3*r + 14. Suppose 5 + f = -r*l. Let o(y) = y**3 + 3*y**2 - 1. Determine o(l).
-1
Let p(f) = -f - 3. Let o(y) = y**3 - 10*y**2 + 9*y - 3. Let u be o(9). Determine p(u).
0
Let r = -22 + 22. Let s(t) = -t + 7. Let z be s(5). Let p(c) = -3*c - 1 - z*c + 4*c. Give p(r).
-1
Let c(x) = -x**3 + 7*x**2 - 4*x - 7. Let s be c(6). Let k(u) = u**2 - 3*u - 7. What is k(s)?
3
Let l(c) = 2*c**2 - 2*c - 1. Suppose 2*r - r + 5 = 0, 3*r + 30 = -3*v. Let k be (2 + 0)*v - -2. Let b(n) = n**2 + 8*n + 2. Let u be b(k). Calculate l(u).
3
Let n(g) = 0*g + 20 - 6 - 3*g - 11. Give n(5).
-12
Suppose -5*m + 4*m + 3 = 0. Let a(s) be the second derivative of 1/20*s**5 - 1/6*s**4 + s - 2/3*s**m - 1/2*s**2 + 0. Determine a(3).
-4
Let b(a) = -19*a + 1. Let r be b(-1). Let k be (-5)/2*r/25. Let d(l) = -2*l + 2. Calculate d(k).
6
Let b(t) = -4*t - 20. Let y be b(-4). Let c(u) = u**2 + 2*u + 3. Give c(y).
11
Let q(p) = 5*p**2 - 2*p - 6*p**2 - 4 + 7*p. Suppose 3*b = 8*b - 25. Give q(b).
-4
Let h = -7 + 7. Let r(l) = h - 3*l + 0 + 1 + l. Determine r(-3).
7
Let p be 56/9 - 6/27. Let q(y) = y**3 - 7*y**2 + 7*y + 1. Determine q(p).
7
Let z = -4 - -6. Let o(k) = -2 + 3*k**2 - k - k - 2*k**z - 2*k. Let a = 9 + -5. Determine o(a).
-2
Let c be (-3)/(-6)*1*26. Suppose 4*v = -4*s - 20, s = -v - 2*s - c. Let l(j) = -2 + 4*j + 1 + 5*j. What is l(v)?
-10
Let d be 4/(-6) - 34/(-6). Let p = 4 - 2. Let m(n) = 4 - p - 3*n - 1 - 4*n**2 + n**3. Give m(d).
11
Let p(w) = w**3 - 3*w**2 - 4*w + 2. Let m(u) = 9*u**2 - 1. Let h be m(-1). Let a = 11 - h. Suppose -z = -a*z + 8. What is p(z)?
2
Let t(g) = -3*g**2 + 1 - 2*g + 4 - 3. Let s(q) = q**3 + 3*q**2 + 2*q - 2. Let o be s(-2). What is t(o)?
-6
Let z(y) = -20 - 8*y + 3 + 5 - y**2 + 3. Determine z(-6).
3
Let n(m) be the first derivative of m**3/3 + 9*m**2/2 + 7*m - 2. Give n(-7).
-7
Let z(f) be the third